 of i?
3
Suppose 5*r + 1610 = 5*o, 3*o - 636 = o - 2*r. Suppose s = 6*s - o. What is the tens digit of s?
6
Suppose -73 = -i - 2*s, 3*i + i + s - 271 = 0. Suppose -26*y = -25*y - i. What is the units digit of y?
7
Let s be (-78)/(-21) + 8/28. Suppose s*h - 810 = -2*h. What is the units digit of h?
5
Suppose 994 = 5*x + 2*x. What is the units digit of x?
2
Let o be (-4)/(-18) + (-120)/54. Let v be o/(((-16)/(-6))/(-4)). Suppose -v*a + a = -48. What is the tens digit of a?
2
Let j(n) = -n - 34. Let v be j(-10). What is the units digit of ((-464)/v)/((-2)/(-3))?
9
Let o(y) = -y**3 + 17*y**2 - 17*y - 1. Let u be o(16). Let r = 6 - u. What is the tens digit of r?
2
Let j = -281 - -521. What is the tens digit of j?
4
Let s(m) = -28*m - 27. Let c = 80 + -85. What is the units digit of s(c)?
3
Suppose -1188 = -3*m - 3*x, m - 4*x + 405 = 2*m. What is the tens digit of m?
9
Suppose -5*c + 0 = 5. Let q = 48 - c. What is the tens digit of q?
4
Let d = 18 + 191. What is the units digit of d?
9
Suppose -2*s + a = -14 + 1, -11 = -4*s - a. Suppose s*n + 1378 = -1638. What is the tens digit of (3*1)/((-39)/n)?
5
Let p(r) = r - 28. Let a(i) = -i + 8. Let b be a(-4). Let g be p(b). Let c = g + 36. What is the units digit of c?
0
Let g(l) = -l**3 - 5*l**2 + 8*l + 9. Let t = 16 + -15. Suppose h + t = -6. What is the tens digit of g(h)?
5
Let s(t) = -t**3 - 4*t**2 + 2*t + 2292. What is the tens digit of s(0)?
9
Let q = -24 - -33. What is the tens digit of 59 + (-3)/q*-6?
6
Let q(l) = 2*l - 7. Let d be q(6). Suppose -4 = 4*x - d*x. Let s(y) = 12*y + 1. What is the units digit of s(x)?
9
Let l = 193 + -110. Suppose v - l = -5*k, v - 2*k = -k + 83. What is the units digit of v?
3
Suppose 0 = -2*g + w - 4*w + 119, 228 = 4*g - 4*w. Let r = -1366 + 1371. Suppose r*o - 3*o = g. What is the units digit of o?
9
Let k(a) = 8*a**3 + 18*a**2 - 14*a + 21. Let v(o) = 3*o**3 + 6*o**2 - 5*o + 7. Let n(g) = 4*k(g) - 11*v(g). What is the tens digit of n(5)?
2
Let g(n) = -4*n + 22. Let d be g(6). What is the hundreds digit of 2 - (306/d - (-14 + 14))?
1
Let t = 3 - 0. Suppose -26 = k - t*k. Suppose 2*z = -z - 4*b + k, -5*b - 31 = -3*z. What is the units digit of z?
7
Let w = -124 + 5. Let n = -83 - w. What is the units digit of n?
6
Let g be -1*(3*(-14)/(-6) - 3). Let k = 22 + g. What is the units digit of k?
8
Let h(b) be the second derivative of 19*b**3/2 - b**2/2 - 3*b. Let v be h(-2). Let o = 163 + v. What is the units digit of o?
8
Let f = 1926 + -130. What is the thousands digit of f?
1
Suppose -348 = -2*t + 2*d + 416, t + d - 392 = 0. What is the units digit of t?
7
Suppose 3*g + 22 = -3*z - z, g = -2. Let q(c) = 7*c**2 + 4*c - 4. What is the tens digit of q(z)?
9
Let w(b) be the third derivative of b**5/12 - b**3/2 - 8*b**2. What is the tens digit of w(4)?
7
Suppose 0 = -b + 2*b. Suppose b*g - 66 = 4*l + g, -2*g = 3*l + 52. Let d = l + 32. What is the tens digit of d?
1
Let o = 9 - 1. Let x(s) = -s**3 + 8*s**2 + s - 4. Let h be x(o). Suppose -h*q - 220 = -9*q. What is the tens digit of q?
4
Let h be (0 - 4)/(-15 + 14). Suppose 2*m + 2*c - 100 = -c, -h*c = -8. What is the tens digit of m?
4
Let p = 2724 + -612. What is the tens digit of p?
1
Let q(i) = -i**3 - 4*i**2 - 5*i - 3. Let u be q(-3). Suppose h = -u*h. What is the units digit of 4/12*(h - -9)?
3
Suppose 0 = -x + 4. Suppose 0 = -x*g - 1 + 25. Suppose i = g*i - 10. What is the units digit of i?
2
Let y(b) = b**2 + b. Let r be y(-9). What is the tens digit of ((-5)/5)/((-3)/r)?
2
Let j = 14 - 2. Let l = 24 + j. Suppose -l = 5*s - 286. What is the tens digit of s?
5
Let d(p) = -10*p + 6. Let b(x) = -x. Let w be b(6). What is the units digit of d(w)?
6
Let g = -29 - -44. Let w(j) = j**2 - 8*j - 19. What is the tens digit of w(g)?
8
Let p(g) = -g**3 - 6*g**2 - g - 2. Let s be p(-6). What is the tens digit of 760/14 - s/14?
5
Suppose 4*h - 7*q - 2453 = -4*q, 2*h - 1219 = -q. What is the units digit of h?
1
Suppose m + 3*m - 24 = 0. Suppose 3*r = m*r - 12. Suppose -3 + 51 = r*v. What is the tens digit of v?
1
Suppose 3*t + 3*j - 24 = 4*t, -4*t = -2*j + 56. Let d be 4*7*(-3)/t. Suppose -80 = -d*r + 2*r. What is the tens digit of r?
1
Let t be 2 + (-2)/2 + 24. Let j = 18 - t. Let k(h) = -h**2 - 10*h + 1. What is the units digit of k(j)?
2
Let g(z) = 10*z + 15. Let i(o) = 20*o + 31. Let u(w) = -9*g(w) + 4*i(w). Let t be u(-5). Let k = t + 15. What is the units digit of k?
4
Let r be (4 - 453/(-5)) + 6/(-10). Suppose 47 = m - 4*p, -5*p + r = 2*m - 8*p. What is the units digit of m?
7
Let b(d) = 12*d**3 - 2*d**2 + 1. Let s be b(2). Let g = s + -35. What is the tens digit of g?
5
Let l(h) = 7*h**3 - 12*h**2 - 8*h + 172. What is the tens digit of l(8)?
2
Let o(h) = 9 - 8*h + 5*h + 2*h. What is the units digit of o(8)?
1
What is the tens digit of (-63)/(-12)*200/15?
7
Let v = -121 - -1020. What is the units digit of v?
9
Let n(p) = p**2 + 31*p + 61. Let k be n(-29). Suppose -360 = 2*d - 7*d. What is the units digit of d/6*6/k?
4
Let s(q) = -q**2 + 6*q - 2. Let u be s(4). Let t(k) = k - 7. Let y be t(u). What is the units digit of 4 - (y - -7) - -32?
0
Suppose 0*a - 2*a + 124 = 0. What is the tens digit of a?
6
Let u = 2881 - 1330. What is the thousands digit of u?
1
Let k = -1 + 4. Suppose 2*i - k = 7. Suppose i*q - 4 = q. What is the units digit of q?
1
Let x(a) = -5*a**3 - 2*a**2 - a + 20. What is the units digit of x(-6)?
4
Let w be 0 + (1 - 2/2). Suppose 23*p + 297 = 14*p. Let b = w - p. What is the tens digit of b?
3
Suppose 4*c = 11424 - 60. What is the tens digit of c?
4
Let j(g) = -g**3 + 10*g**2 - 7*g - 6. Suppose 2*t + 78 = -t. Let m = -17 - t. What is the units digit of j(m)?
2
Suppose -2 = 6*c - 8. Let v(g) = 284*g + 6. What is the tens digit of v(c)?
9
Let p = 20 - 33. Let w = p + 6. Let n(d) = -d**3 - 6*d**2 + 7*d + 7. What is the units digit of n(w)?
7
Let g = -13 - -19. Suppose g*u - 722 = -206. What is the tens digit of u?
8
What is the hundreds digit of (-9 - (-222)/24)*12196?
0
Let u = 29 + -1. Let s(f) = -5*f - 16. Let z be s(-8). Suppose 19 = y - 3*d, -4*y + 4*d = -u - z. What is the units digit of y?
0
Let t(l) be the third derivative of 157*l**6/120 - l**5/60 + l**4/24 - l**3/6 + 3*l**2. Let c be t(1). Let h = c - 110. What is the tens digit of h?
4
Let s be (-4)/14 + 60/(-84). Let i be (s*(0 - 0))/(-1). What is the units digit of (2 - i)/((-2)/(-6))?
6
Let q(h) = 194*h**2 - 15 - 2*h + 14 + 2*h. What is the hundreds digit of q(-1)?
1
Let j = 10 - 9. Let l(x) = -7*x - 11. Let k(t) = -t. Let m(h) = j*l(h) - 3*k(h). What is the units digit of m(-6)?
3
Suppose a + 3*a = 2*z + 32, -3*a = 5*z + 80. What is the units digit of (z/(-10))/((-2)/(-100))?
0
Let z(m) = 10*m**2 + 17*m - 27. What is the tens digit of z(5)?
0
Let z(h) = -2*h - 14. Let k be z(11). Suppose 0 = -5*n - 5*v + 475 - 75, 0 = -3*v + 6. Let m = n + k. What is the tens digit of m?
4
Let g(t) = 0 - 3 - t - 1. Let n be -3 - -7 - (2 + 8). What is the units digit of g(n)?
2
Let h be (1*-38)/(2 - 1). Let x be (-78)/5 + h/95. Let o = x + 19. What is the units digit of o?
3
Let r be ((-34)/(-12) - 1)*6. What is the units digit of (-3*3/4)/(r/(-176))?
6
Let v be (1976/28 + 2)/(8/28). What is the hundreds digit of v/1 + 2/2?
2
Suppose -6 = r - 13. What is the units digit of (-2 - -199) + -6 + r?
8
Let o(x) = -77*x + 40. Let v be o(-4). Suppose v = -25*p + 27*p. What is the units digit of p?
4
Let d(k) = -k**3 + 4*k**2 + 12*k + 27. What is the tens digit of d(-7)?
8
Let a = 6 - 2. Suppose q + 25 = -2*j + 4*j, a*q - 43 = -5*j. Suppose j + 25 = 4*y. What is the units digit of y?
9
Suppose -3*j - 2*w - 43 = 0, 2*j = 4*j + 4*w + 26. Let s be 3/j + (-11)/(-5). Suppose -s*o = -o - 47. What is the units digit of o?
7
Let u(l) = 230*l**3 + l - 2. What is the hundreds digit of u(1)?
2
Suppose -5*c + 5*m = -15, 3*c + 2*m - m - 29 = 0. Suppose -z - 6 + c = 0. Suppose -3*f - z*i = -8*f + 56, 4*f = -5*i + 58. What is the units digit of f?
2
What is the thousands digit of (-1482)/28*4*(15 - 22)?
1
Suppose 2*u - p = p, 3*p = -2*u + 15. What is the units digit of (-30)/45*u*-42?
4
Suppose 15 = -6*k + 3. Let v be 9 + k/3*6. Suppose 5*y + 400 = v*j, 4*j + 4*y = -y + 311. What is the tens digit of j?
7
Let r(w) be the third derivative of w**6/60 - w**5/60 + w**4/8 + 4*w**2. Le